 greatest common divisor of x and 12?
12
Let z = -19 + 27. Let s(d) = -d**2 + 12*d + 21. Let h be s(13). Let n be h/6*(-36)/(-24). What is the highest common factor of z and n?
2
Let r be (-11 + 326)*2/3. Calculate the greatest common divisor of r and 60.
30
Suppose w - 1 = -5. Let n be (-17 + w)/(6/(-28)). Calculate the highest common divisor of n and 14.
14
Let l(i) = 29*i + 179. Let u be l(-5). What is the highest common factor of u and 527?
17
Suppose -3*n + 38 = -2*t, 2*t - 42 = -15*n + 10*n. Calculate the highest common factor of 860 and n.
10
Suppose -4*c = -0*m + 3*m - 288, 0 = 2*c + 4*m - 154. Let p = -55 - -77. Let o = 1 + p. What is the highest common divisor of o and c?
23
Let v be (-7)/(-14) + 33/2. Suppose s = v + 23. Calculate the greatest common factor of 60 and s.
20
Suppose 3*c = 4*n + 4*c - 35, -4*n = -4*c - 60. Suppose -2*r = -2*l + 4*l - 34, -5*l = 3*r - 45. What is the greatest common factor of r and n?
10
Let o be (((-3)/9*1)/1)/((-1)/90). Suppose -4*t - x = 3*x - 52, -2*x + 6 = 0. What is the highest common divisor of o and t?
10
Suppose 3*z + 47 - 443 = 0. Suppose -v - 2*v + 99 = 0. Calculate the highest common divisor of z and v.
33
Let r = -3035 + 3051. Let z be (-44 + 2)/(9/(-12)). What is the greatest common factor of r and z?
8
Let g = 5 - -52. Let t = 103 - g. Calculate the greatest common divisor of 115 and t.
23
Suppose -2*j - x + 6 = -5*x, 4*x = j - 1. Let r(y) = y**2 - 6*y. Let c be r(j). Let g be (-6)/c*220/3. What is the greatest common factor of 8 and g?
8
Suppose 9*q = -148 + 481. What is the greatest common divisor of 74 and q?
37
Let l = 71 + 343. Calculate the greatest common factor of 92 and l.
46
Let s = 1374 - 751. Suppose -9*q - 2 + s = 0. Calculate the highest common divisor of q and 46.
23
Let v(f) = 7*f - 3. Let i(n) = n - 2. Let l be i(4). Let y be v(l). Calculate the greatest common factor of 88 and y.
11
Suppose -12 = -3*g + 2*n, 11 = -0*g + 4*g - n. Suppose -g*f = -3*f. Suppose f*a - 48 = -4*a. What is the greatest common factor of a and 4?
4
Let c = 2 + 10. Suppose -9 = -3*r + c. Let o be 586/r - (-6)/21. What is the greatest common divisor of 21 and o?
21
Let v(f) = -6*f - 3. Let b be v(9). Let l = b + 69. What is the highest common divisor of l and 36?
12
Let i(a) = -a**3 - 11*a**2 + 26*a + 3. Let d be i(-13). What is the greatest common factor of d and 27?
3
Let m(u) = 6 - 10*u + u**2 + u + 7. Let j be m(6). Let o be 2/j + (-1463)/(-95). What is the highest common factor of o and 3?
3
Suppose 64*w = -38*w + 510. Calculate the highest common factor of 365 and w.
5
Let k(a) = a**2 + 7*a - 30. Let v be k(-12). Let q be (-4)/v - 1157*(-4)/60. What is the highest common factor of 11 and q?
11
Let b = -7 - -7. Suppose -n = 0, 5*v + b*v = -2*n + 25. Let r = v + 9. Calculate the greatest common divisor of 154 and r.
14
Let q be ((-24)/10)/((-92)/115). Calculate the greatest common factor of 93 and q.
3
Let z = 44 + -20. Suppose 0 = 2*b - 33 + 1. What is the greatest common divisor of z and b?
8
Let s(m) = 3*m + 5. Let t = -3 + 1. Let u be s(t). Let z be -1*(-44)/4 + u. Calculate the highest common factor of z and 20.
10
Let c = -17 + -25. Let j be (-9)/(2 - (-93)/c). Calculate the highest common divisor of j and 63.
21
Let m be (472/12)/(2/3). Let d = 95 + m. What is the greatest common factor of 14 and d?
14
Let m = -510 + 830. Calculate the highest common divisor of m and 8.
8
Let p = 172 + -116. Suppose 0 = -2*n - p + 70. What is the highest common factor of n and 1?
1
Suppose -5 = 3*r - 17. Suppose -3*f - 5*y + 153 = f, y - 5 = 0. Calculate the greatest common factor of r and f.
4
Suppose 3 + 0 = j. Suppose -j*n + 199 = 46. Calculate the highest common divisor of n and 34.
17
Let b(u) = -u**2 + 10*u - 2. Let a be b(9). Let n = 10 - 3. What is the greatest common factor of n and a?
7
Let y be 2 + -40*3/(-3). Let n be (-14133)/(-336) + (-1)/16. Calculate the highest common factor of n and y.
42
Suppose 85 = 4*u - 95. Suppose 2*k + h = -2*k + 36, u = 5*k - 5*h. What is the highest common factor of 18 and k?
9
Let f be (21/6)/((-2)/4). Let s = -2 - f. Suppose -84 = -w - 5*p, -w + 213 = w - s*p. What is the highest common factor of 9 and w?
9
Suppose -20*k - 5*k + 32850 = 0. What is the highest common factor of 18 and k?
18
Let h = 6 - 14. Let v be (42/h)/((-36)/96). Let c be v + (4/2)/(-2). What is the greatest common divisor of 143 and c?
13
Suppose -2*u - 18 = -h, 3*h - u = u + 38. Calculate the greatest common factor of 16 and h.
2
Let t be 0 + -6 + (183 - 7). Calculate the highest common divisor of t and 34.
34
Suppose 306 = -f - 5*f. Let v = -42 - f. Calculate the greatest common factor of 1 and v.
1
Suppose -13*o + 20*o - 196 = 0. What is the greatest common factor of 308 and o?
28
Suppose -9 = -4*w + 11. Suppose 4*a + n - 5 = 0, a - 3*a + n + 7 = 0. Suppose i + a + 1 = 0, 2*x - 102 = 4*i. Calculate the greatest common divisor of x and w.
5
Let z = -4963 - -7706. Calculate the greatest common factor of z and 13.
13
Let t(j) = 4*j**2 - 3*j**2 - 8 - 8*j - 2*j**2 + 0*j**2. Let h be t(-6). Let c be 3*6/h*4. Calculate the greatest common factor of 2 and c.
2
Let p(b) = -469*b + 12. Let z be p(-7). Suppose x = 1, -5*d = -0*d + 5*x - z. Suppose -5*i + d + 427 = 0. What is the highest common divisor of 31 and i?
31
Let w = 136 - 92. Calculate the highest common factor of 198 and w.
22
Let o be 13/((-15)/(-5)*(-6)/(-198)). What is the greatest common factor of 11 and o?
11
Suppose 2*s - 40 = -3*s. Let t = -112 + 171. Let u = 147 - t. Calculate the greatest common factor of u and s.
8
Suppose -2*a = -3 - 43. Suppose 0*u + 2*o = 2*u + 8, -2*u = 3*o + 13. Let w be (0 + -46)/((-10)/u*-1). Calculate the highest common factor of w and a.
23
Let v = 771 - 274. What is the highest common factor of 14 and v?
7
Let x(j) = 8*j**2 - 3*j - 32. Let h be x(6). Calculate the highest common divisor of 154 and h.
14
Suppose 5*s + q - 7 = 0, 4*s - 7 - 3 = -3*q. Suppose s = 2*l - 27. Suppose 9*d - 17*d + 16 = 0. Calculate the highest common factor of d and l.
2
Let t be 27/(-1*4/(-16)) - -4. What is the highest common factor of 14 and t?
14
Let j(h) = h**3 - 15*h**2 + 13*h + 16. Let m be j(14). Suppose -g = m*g - 9. Suppose -g*z + 106 + 167 = 0. Calculate the highest common divisor of 13 and z.
13
Let q = -25 - -25. Suppose w - 49 = -2*n, 10*n - 5*n - 4*w - 129 = q. What is the highest common factor of n and 225?
25
Let g(x) = -x**2 - 37*x - 20. Let l be g(-11). What is the highest common factor of l and 76?
38
Let y be (-272)/(-10) - (-10 + (-1224)/(-120)). Suppose z - 2*z = -216. What is the greatest common divisor of y and z?
27
Suppose 17 = c - 3*l + 1, 0 = 5*c + 5*l - 100. Let n = c - 14. Suppose n*k = 2*w - 73, 4*k - 4 = -0*w - w. What is the greatest common divisor of 16 and w?
8
Let s = 77 + -55. Let w = 38 + s. Calculate the highest common divisor of 12 and w.
12
Let q = 1384 - 1375. Let s(u) = -8*u**3 + u**2. Let o be s(-1). What is the greatest common divisor of q and o?
9
Suppose 3*y = -2*s + 350 + 5, 5*s + y - 881 = 0. Let q be 4*1/(-2)*-8. What is the highest common divisor of q and s?
16
Let m be (-12)/(-16) + (-24904)/(-32) - 2. What is the greatest common divisor of 74 and m?
37
Let y(r) = -r**3 - 2*r**2 - 2*r + 200. Let k be y(0). Let x(w) = w**3 - 16*w**2 + 16*w + 5. Let m be x(15). Calculate the greatest common factor of m and k.
20
Let d(s) = -7*s + 108. Let c be d(14). What is the highest common factor of 430 and c?
10
Let i be (-2 - -1)*(-2)/2. Suppose 2*n = -n + l + 23, 0 = 4*n - l - 30. What is the greatest common factor of n and i?
1
Let w = -565 + 577. Calculate the greatest common factor of 96 and w.
12
Let l(i) = -i**2 - 56*i + 33. Let r be l(-19). Calculate the greatest common divisor of 46 and r.
46
Let z = -43 + 91. Suppose 3*m - 15 = 0, 65*m - 62*m + 21 = 3*l. What is the highest common factor of l and z?
12
Let c = 64 - 64. Suppose 4*j + 2*g - 20 = 0, c*j - 2*g - 22 = -2*j. What is the greatest common divisor of 35 and j?
7
Let i(a) = -a**3 + a**2 + 18. Let l be i(0). Suppose -4*p - 2 + l = k, 4*k = 5*p + 64. Suppose 2*r = 21 - 5. What is the highest common factor of r and k?
8
Let u = -87 - -129. What is the greatest common divisor of u and 30?
6
Let w be ((-4)/1)/((-2)/14). Let